t r(j) = -167*j**3 + 171*j**3 - j**2 - 2*j + 0*j - v. Calculate r(z).
23
Let v(i) = 49*i**3 + 9*i**2 - 7*i - 35. Let f(u) = 25*u**3 + 4*u**2 - 3*u - 16. Let k(h) = -11*f(h) + 5*v(h). Give k(1).
-30
Let h(a) = -3*a**3 - 2*a + 39. Let t(f) = -f**3 + 3. Let o(m) = -h(m) + t(m). Determine o(0).
-36
Let x = -198 - -203. Let r(i) = x*i + 7 - 41*i**2 + 40*i**2 + 3. Calculate r(7).
-4
Let u(v) = 5*v - 4. Let q(d) = -14 + 2*d**3 - 16 + 28*d**2 - 451*d + 449*d. Let n be q(-14). Determine u(n).
-14
Let n(h) = -h**3 - 2*h**2 + h - 1. Let k be (8/10)/(-2 + 56/30). Let a be 2*k/(-8) - 3/2. Suppose 3*q - 7*q - 12 = 2*r, 5*q + 3*r + 15 = a. Calculate n(q).
5
Let g(l) = -8 - 90*l - 98*l + 288*l + 2*l**2 - l**2 - 98*l. Give g(-7).
27
Let w = -97002 + 97017. Let y(r) = 13. Let d(m) = -m + 1. Let k(n) = d(n) + y(n). Give k(w).
-1
Let i(a) be the first derivative of a**7/420 + a**6/60 + a**5/120 - a**4/24 + 76*a**3/3 + 7. Let j(g) be the third derivative of i(g). What is j(-4)?
-37
Let w(g) = g**3 - 3*g**2 - 12*g + 7. Let b = 5706 - 5701. Calculate w(b).
-3
Let n(i) = -3*i - 62. Let b(y) = -2*y - 68. Let z(k) = 2*b(k) - 3*n(k). Give z(-14).
-20
Let r(n) = -n**2 - 9*n + 24. Let d(q) = 91*q - 2379. Let u be d(26). Determine r(u).
-28
Suppose 2*h = -5*r + 7, 0*r + 4 = 2*h + 2*r. Let w be (-9)/3 + (4 - h). Let t(d) = 6 - 4*d - 3 + w - 2. What is t(-3)?
13
Let q(d) = 12*d - 2. Let t(f) = -f**2 - 93*f + 41. Let m(w) = 8*q(w) + t(w). Determine m(6).
7
Let h(d) = d**3 + 2*d**2 - 2*d - 5. Suppose 8*m = 13*m + 73*m + 234. Give h(m).
-8
Let y(u) = -70 + 20 + 20 + 28 + 31*u. Give y(1).
29
Let u(m) = -4*m**3 + 4*m**2 - 5*m + 3. Let r be (-9 + (-368)/(-40))/(1/15). Determine u(r).
-84
Let v(z) = z**2 - 8*z + 6. Let j be 30/4*220/(-30). Let s = j + 57. Let l be 4 + 1 + (s - 1). Determine v(l).
-6
Let k be ((-144)/(-162))/(-2) + 68/(-9). Let c(j) = j - 3. Calculate c(k).
-11
Let s(i) = -5*i**3 - 21*i**2 - 8*i - 10. Let u = 1526 + -1530. Calculate s(u).
6
Let o(h) = 5*h**2. Let w(r) = -r**3 + 26*r**2 - r - 1. Let b(k) = -11*o(k) + 2*w(k). Suppose 100*u - 96*u = 4*c + 4, -3*c = u + 7. Calculate b(c).
6
Let v(x) = x**2 + 9*x + 8. Suppose -19 = 4*c + 1. Let r(f) = -37. Let k(a) = -a - 74. Let g(l) = c*r(l) + 2*k(l). Let t be g(22). What is v(t)?
-6
Let w(p) be the first derivative of p**4/4 + p**2/2 - 2637. Let f(s) = s**3 - 7*s**2 + 6*s - 1. Let m be f(6). Let i be (m + 2)/(-2)*-2. Calculate w(i).
2
Suppose -3*r + 13 = 4. Let d(y) = 9 + 3*y - r*y - 2 - y. Let v = -501 - -506. What is d(v)?
2
Let d(q) = -q**2 + 22*q + 110 - 114 - 28*q. Calculate d(-4).
4
Let f(x) be the third derivative of -x**4/24 - 11*x**3/3 + 1906*x**2. Determine f(5).
-27
Let h(m) = -32*m + 277. Let k(p) = -96*p + 970. Let u(b) = 7*h(b) - 2*k(b). Let d(l) = -l**2 - l + 1. Let t be d(0). Give u(t).
-33
Let g(j) = -13 - 2*j + 2 + j. Let q(o) = 375*o - 15015. Let c be q(40). Calculate g(c).
4
Let w(m) be the third derivative of m**5/30 + 7*m**4/24 + 5*m**3/2 + 4*m**2 - 2*m - 129. Give w(-7).
64
Let i(m) = 7*m**2 - 43*m - 3. Let z(j) = -3*j**2 + 20*j + 1. Let c(s) = 4*i(s) + 9*z(s). Suppose 4*l - l + 5*a = 1, -4*a = -20. Let r = 3 + l. Calculate c(r).
-18
Let q be 12 - ((-2058)/735)/(14/(-60)). Let o(v) = 6*v**2 - 15*v + 4. Calculate o(q).
4
Let w(i) = i**2 + 2*i + 2. Suppose -171*h = -164*h - 308. Suppose -d - 46 = -h. What is w(d)?
2
Let u be 0/(-1) + (8 - 9). Let h(c) be the second derivative of 1/2*c**2 - 5*c - 4/3*c**3 + 7. Give h(u).
9
Suppose 3*t = 2*t. Let c(y) = 3 + 11 - 3 - 2172*y + 2171*y - 2. Determine c(t).
9
Suppose 0 = 2*r + 4*a - 16, -a + 69 = 4*r + 2. Let f(l) = -2*l - 2. Let q(b) = -33*b - 39. Let z(o) = r*f(o) - q(o). Give z(0).
3
Let z be (-181)/(-8)*-2 - 7/(-28). Let t = 55 + z. Let k = t + -15. Let p(f) = f**2 + 7*f. Give p(k).
-10
Suppose -20 = -15*y - 6 + 31. Let i(m) be the third derivative of 4*m**2 + 0 - 1/6*m**4 - 1/60*m**5 + 0*m - m**y. Give i(-4).
-6
Let a(h) = -12*h - h - 79*h**2 - h**3 + 36*h**2 - 7 + 59*h**2. Calculate a(15).
23
Let q(d) = 2*d**2 - 1. Let o(c) = -9*c**2 + 6*c + 3. Let a(g) = -o(g) - 4*q(g). Suppose 4*r + 28*w = 26*w + 18, -4*r = -2*w - 30. What is a(r)?
1
Let a = -1088 + 1095. Let w(h) = 2*h - 31. What is w(a)?
-17
Let c(m) = -m**3 - 10*m**2 - 9*m + 15. Let l be (38 - 27) + -5*4. Calculate c(l).
15
Suppose 45 = 7*s + 2*s. Let d(h) = -2*h**2 - 3 + s + 3*h**2 - 7*h. Let o(b) = 25*b**2 - 47*b + 1. Let f be o(2). Give d(f).
2
Let l be (-508)/22 + 3/33. Let m be -2 + l/(-2) - (-6)/(-12). Let u(o) = o**2 - 8*o - 10. Determine u(m).
-1
Let k(r) be the first derivative of -r**4/24 + r**3 + 5*r**2/2 - 20*r - 29. Let y(a) be the second derivative of k(a). Give y(2).
4
Suppose u - 10 = -15. Let x(z) = -20*z - 27. Let n be (-15)/40*-4*(-4)/(-1). Let q(a) = -7*a - 9. Let d(h) = n*x(h) - 17*q(h). Determine d(u).
-4
Let c(x) = 6*x + 260 - 474 + 259. What is c(-9)?
-9
Let v = 20 - 19. Let x be -5 - ((1 - 0)*v - -2). Let b(h) be the third derivative of h**5/60 + 3*h**4/8 + 2*h**3/3 - 2*h**2. Determine b(x).
-4
Suppose 3*s - 6 = 4*s + 5*d, 5*d + 10 = 0. Let l(g) be the first derivative of -3*g**2/2 + 2*g + 3221. Determine l(s).
-10
Let r = -133 + 211. Suppose 5*b + r - 73 = 0. Let s(c) = -36*c + 75*c + 3*c**2 - 38*c + 1. Determine s(b).
3
Let t(v) = v**3 - 16*v**2 - 21*v + 16. Suppose -2*y = -3*s + 55, 168*s - 171*s + 41 = 5*y. What is t(s)?
-52
Let q be (-4)/6 + 15532/132. Let p(i) = 53 - q + 59 - 2*i. Calculate p(-6).
7
Let f(o) = o**2 + 4*o - 2. Let k be f(3). Let y = k + -16. Let c(d) = 19*d - d**2 + 12*d + 7*d**y + 1 - 31*d. Calculate c(1).
7
Suppose 0*s + 20 = 4*o + 2*s, -o + 23 = 5*s. Suppose -h - o*h + 4 = 0. Let b(u) = -4*u - 6*u**2 - 16*u + 4*u**2 + 21*u - 6*u**3. Give b(h).
-7
Let c(v) = 12*v**2 - 2*v - 4. Let t(h) = -5*h**2 + h + 2. Let d(s) = 3*c(s) + 5*t(s). What is d(-1)?
10
Let o(s) = -47*s**3 - 19*s**2 + 19*s - 3. Let b(c) = -28*c**3 - 10*c**2 + 10*c. Let z(g) = -5*b(g) + 3*o(g). Give z(-7).
-58
Let o = -29 - -33. Suppose 0 = -i - 0 + o. Let s(k) be the third derivative of -k**6/120 + k**5/20 + 5*k**4/24 - 2*k**2. What is s(i)?
4
Let z(w) = -w**3 - 32*w**2 + 88*w + 142. Let d be z(-35). Let f = -738 + d. Let s(i) = -11*i**2 + 2*i + 1. Determine s(f).
-12
Let i(q) be the first derivative of 2*q**3/3 + 9*q**2/2 + 132*q - 134. Let j(b) be the first derivative of i(b). What is j(-5)?
-11
Let j(k) be the second derivative of k**3 + 79*k**2/2 - 669*k. Determine j(-16).
-17
Let k be 2/24 - (13234/(-456) - 90/(-855)). Let s(o) = -o**3 + 28*o**2 + 34*o - 149. Give s(k).
-4
Let f(v) = -3977*v + v**2 + 3972*v + 3 + 0. Give f(-7).
87
Let s(l) be the first derivative of 23*l**2/2 - 3*l + 811. Give s(-1).
-26
Let v(d) be the first derivative of -44 - 10*d - 5*d**2 + 8/3*d**3 + 1/4*d**4. Calculate v(-9).
-1
Suppose 4*f - 3*x + 20 = 0, -x = x. Let v(g) = -g**3 + 8*g + 8. Give v(f).
93
Let n(k) be the third derivative of k**7/2520 + k**6/90 + k**5/60 + k**4/12 - 2*k**3 - 9*k**2 - 2. Let b(o) be the second derivative of n(o). Determine b(-9).
11
Suppose 0 = 121*y - 122*y - 18. Let d be ((-78)/y + -1)/(4/(-6)). Let t(f) = -6*f - 1. Calculate t(d).
29
Let p(f) = 5*f + 9. Let i(a) = -5*a - 7. Let d(l) = -3*i(l) - 2*p(l). Let z = -68 - -77. Suppose -3*r - z - 9 = 0. Determine d(r).
-27
Let v be 0*-1*1/3. Let n(c) = -1 - 4*c - 1 + v - 2*c. Suppose 0 = 4*y + z + 11, -9*z + 4*z - 11 = -2*y. Determine n(y).
10
Let q(n) = -n**2 + 8*n - 1. Suppose 0 = -39*v - 76*v + 10*v + 945. Calculate q(v).
-10
Suppose 22 = 9*j + 2*j. Let c(i) = i**3 - 62 + 9*i + 128 - 67 + 9*i**j. Determine c(-8).
-9
Let t(z) = 0*z - 6 + 6 + 1 + z. Let m(l) = -5*l - 2. Let b(c) = 6*c + 60. Let p be b(-11). Let w(r) = p*t(r) - m(r). Determine w(3).
-7
Suppose 0 = 4*i - 4*g + 12, 10*i - 18 = 12*i + 4*g. Let d(f) = 0*f**3 + 3 - 4*f - 6*f**2 + 4*f**3 - 5*f**3 + 1. Calculate d(i).
-1
Let b be 4/(((-112)/(-6))/(-14)). Let n(i) = -5*i**2 - 18*i. Determine n(b).
9
Let d(t) = 8*t + 31. Let z = 259 - 264. Let y be d(z). Let j(g) = -g**2 - 10*g - 6. Determine j(y).
3
Let k(n) = 14 + 4*n**2 + 0*n**2 + 8*n - 3*n**2. Let t be (0 + 3)/(15*(-14)/420). Give k(t).
2
Let o(j) be the first derivative of j**2 + 3*j - 2. Let a be (-5)/(5/(-2)) - (9 - 5). What is o(a)?
-1
Let o(v) = -6*v**2 + 51*v**2 - 25*v**2 - 18*v + 51 + 18 + v**3. Calculat